{"id":1234,"date":"2024-03-05T01:58:24","date_gmt":"2024-03-05T00:58:24","guid":{"rendered":"https:\/\/ansamblksenijapetrogradska.rs\/?page_id=1234"},"modified":"2024-12-15T20:11:21","modified_gmt":"2024-12-15T19:11:21","slug":"about-the-ensemble","status":"publish","type":"page","link":"https:\/\/ansamblksenijapetrogradska.rs\/index.php\/about-the-ensemble\/","title":{"rendered":"About the ensemble"},"content":{"rendered":"\t\t<div data-elementor-type=\"wp-page\" data-elementor-id=\"1234\" class=\"elementor elementor-1234\">\n\t\t\t\t\t\t\t<div class=\"elementor-element elementor-element-bcadadd e-flex e-con-boxed e-con e-parent\" data-id=\"bcadadd\" data-element_type=\"container\" data-settings=\"{&quot;background_background&quot;:&quot;classic&quot;,&quot;content_width&quot;:&quot;boxed&quot;}\" data-core-v316-plus=\"true\">\n\t\t\t\t\t<div class=\"e-con-inner\">\n\t\t\t\t<div class=\"elementor-element elementor-element-0a08db3 elementor-widget elementor-widget-heading\" data-id=\"0a08db3\" data-element_type=\"widget\" data-widget_type=\"heading.default\">\n\t\t\t\t<div class=\"elementor-widget-container\">\n\t\t\t<style>\/*! elementor - v3.18.0 - 20-12-2023 *\/\n.elementor-heading-title{padding:0;margin:0;line-height:1}.elementor-widget-heading .elementor-heading-title[class*=elementor-size-]>a{color:inherit;font-size:inherit;line-height:inherit}.elementor-widget-heading .elementor-heading-title.elementor-size-small{font-size:15px}.elementor-widget-heading .elementor-heading-title.elementor-size-medium{font-size:19px}.elementor-widget-heading .elementor-heading-title.elementor-size-large{font-size:29px}.elementor-widget-heading .elementor-heading-title.elementor-size-xl{font-size:39px}.elementor-widget-heading .elementor-heading-title.elementor-size-xxl{font-size:59px}<\/style><h2 class=\"elementor-heading-title elementor-size-default\">~ About the ensemble ~<\/h2>\t\t<\/div>\n\t\t\t\t<\/div>\n\t\t\t\t\t<\/div>\n\t\t\t\t<\/div>\n\t\t<div class=\"elementor-element elementor-element-f1fcb2b e-flex e-con-boxed e-con e-parent\" data-id=\"f1fcb2b\" data-element_type=\"container\" data-settings=\"{&quot;content_width&quot;:&quot;boxed&quot;}\" data-core-v316-plus=\"true\">\n\t\t\t\t\t<div class=\"e-con-inner\">\n\t\t<div class=\"elementor-element elementor-element-7fedfab e-con-full e-flex e-con e-child\" data-id=\"7fedfab\" data-element_type=\"container\" data-settings=\"{&quot;content_width&quot;:&quot;full&quot;}\">\n\t\t\t\t<div class=\"elementor-element elementor-element-0101915 elementor-widget elementor-widget-image\" data-id=\"0101915\" data-element_type=\"widget\" data-widget_type=\"image.default\">\n\t\t\t\t<div class=\"elementor-widget-container\">\n\t\t\t<style>\/*! elementor - v3.18.0 - 20-12-2023 *\/\n.elementor-widget-image{text-align:center}.elementor-widget-image a{display:inline-block}.elementor-widget-image a img[src$=\".svg\"]{width:48px}.elementor-widget-image img{vertical-align:middle;display:inline-block}<\/style>\t\t\t\t\t\t\t\t\t\t\t\t<img fetchpriority=\"high\" decoding=\"async\" width=\"1024\" height=\"683\" src=\"https:\/\/ansamblksenijapetrogradska.rs\/wp-content\/uploads\/2024\/02\/DSC09591-1024x683.jpg\" class=\"attachment-large size-large wp-image-369\" alt=\"\" srcset=\"https:\/\/ansamblksenijapetrogradska.rs\/wp-content\/uploads\/2024\/02\/DSC09591-1024x683.jpg 1024w, https:\/\/ansamblksenijapetrogradska.rs\/wp-content\/uploads\/2024\/02\/DSC09591-300x200.jpg 300w, https:\/\/ansamblksenijapetrogradska.rs\/wp-content\/uploads\/2024\/02\/DSC09591-768x512.jpg 768w, https:\/\/ansamblksenijapetrogradska.rs\/wp-content\/uploads\/2024\/02\/DSC09591-1536x1024.jpg 1536w, https:\/\/ansamblksenijapetrogradska.rs\/wp-content\/uploads\/2024\/02\/DSC09591-2048x1365.jpg 2048w\" sizes=\"(max-width: 1024px) 100vw, 1024px\" \/>\t\t\t\t\t\t\t\t\t\t\t\t\t\t\t<\/div>\n\t\t\t\t<\/div>\n\t\t\t\t<\/div>\n\t\t<div class=\"elementor-element elementor-element-d71d84b e-con-full e-flex e-con e-child\" data-id=\"d71d84b\" data-element_type=\"container\" data-settings=\"{&quot;content_width&quot;:&quot;full&quot;}\">\n\t\t\t\t<div class=\"elementor-element elementor-element-76da7e7 elementor-widget elementor-widget-image\" data-id=\"76da7e7\" data-element_type=\"widget\" data-widget_type=\"image.default\">\n\t\t\t\t<div class=\"elementor-widget-container\">\n\t\t\t\t\t\t\t\t\t\t\t\t\t\t\t<img decoding=\"async\" width=\"1024\" height=\"683\" src=\"https:\/\/ansamblksenijapetrogradska.rs\/wp-content\/uploads\/2024\/02\/DSC09326-1024x683.jpg\" class=\"attachment-large size-large wp-image-371\" alt=\"\" srcset=\"https:\/\/ansamblksenijapetrogradska.rs\/wp-content\/uploads\/2024\/02\/DSC09326-1024x683.jpg 1024w, https:\/\/ansamblksenijapetrogradska.rs\/wp-content\/uploads\/2024\/02\/DSC09326-300x200.jpg 300w, https:\/\/ansamblksenijapetrogradska.rs\/wp-content\/uploads\/2024\/02\/DSC09326-768x512.jpg 768w, https:\/\/ansamblksenijapetrogradska.rs\/wp-content\/uploads\/2024\/02\/DSC09326-1536x1024.jpg 1536w, https:\/\/ansamblksenijapetrogradska.rs\/wp-content\/uploads\/2024\/02\/DSC09326-2048x1365.jpg 2048w\" sizes=\"(max-width: 1024px) 100vw, 1024px\" \/>\t\t\t\t\t\t\t\t\t\t\t\t\t\t\t<\/div>\n\t\t\t\t<\/div>\n\t\t\t\t<\/div>\n\t\t\t\t\t<\/div>\n\t\t\t\t<\/div>\n\t\t<div class=\"elementor-element elementor-element-22c9dde e-flex e-con-boxed e-con e-parent\" data-id=\"22c9dde\" data-element_type=\"container\" data-settings=\"{&quot;content_width&quot;:&quot;boxed&quot;}\" data-core-v316-plus=\"true\">\n\t\t\t\t\t<div class=\"e-con-inner\">\n\t\t\t\t<div class=\"elementor-element elementor-element-4f704b4 elementor-widget elementor-widget-text-editor\" data-id=\"4f704b4\" data-element_type=\"widget\" data-widget_type=\"text-editor.default\">\n\t\t\t\t<div class=\"elementor-widget-container\">\n\t\t\t<style>\/*! elementor - v3.18.0 - 20-12-2023 *\/\n.elementor-widget-text-editor.elementor-drop-cap-view-stacked .elementor-drop-cap{background-color:#69727d;color:#fff}.elementor-widget-text-editor.elementor-drop-cap-view-framed .elementor-drop-cap{color:#69727d;border:3px solid;background-color:transparent}.elementor-widget-text-editor:not(.elementor-drop-cap-view-default) .elementor-drop-cap{margin-top:8px}.elementor-widget-text-editor:not(.elementor-drop-cap-view-default) .elementor-drop-cap-letter{width:1em;height:1em}.elementor-widget-text-editor .elementor-drop-cap{float:left;text-align:center;line-height:1;font-size:50px}.elementor-widget-text-editor .elementor-drop-cap-letter{display:inline-block}<\/style>\t\t\t\t<div id=\"malwarebytes-root\" style=\"position: fixed; inset: 0px 0px auto; z-index: 2147483647; width: 100%;\" tabindex=\"-1\">\u00a0<\/div><p>The &#8222;Ksenija Petrogradska&#8220; (Xenia of St. Petersburg) vocal ensemble, comprised of academically educated singers, was founded in Belgrade, in 2019, with the aim of promoting Orthodox religious choral music. The first concert was held in the Church of the Ascension in Belgrade, in February 2020, and a year later the ensemble performed Bishop Hilarion Alfeyev&#8217;s composition <em>\u0422\u0435\u0431\u0435 \u043f\u043e\u0435\u043c<\/em> (<em>We Sing to You<\/em>) at the Moscow Raduga festival, in its online edition. They also performed at many humanitarian concerts.<\/p>\t\t\t\t\t\t<\/div>\n\t\t\t\t<\/div>\n\t\t\t\t\t<\/div>\n\t\t\t\t<\/div>\n\t\t<div class=\"elementor-element elementor-element-fb8b5b1 elementor-hidden-mobile e-flex e-con-boxed e-con e-parent\" data-id=\"fb8b5b1\" data-element_type=\"container\" data-settings=\"{&quot;content_width&quot;:&quot;boxed&quot;}\" data-core-v316-plus=\"true\">\n\t\t\t\t\t<div class=\"e-con-inner\">\n\t\t\t\t<div class=\"elementor-element elementor-element-a5ac345 elementor-widget elementor-widget-text-editor\" data-id=\"a5ac345\" data-element_type=\"widget\" data-widget_type=\"text-editor.default\">\n\t\t\t\t<div class=\"elementor-widget-container\">\n\t\t\t\t\t\t\t<p><span style=\"color: #4b6852;\"><strong>Sopranos:<\/strong><\/span> Jasmina Mihajlovi\u0107, Marija Anti\u0107 and Jelena Radi\u0107<br \/><span style=\"color: #4b6852;\"><strong>Altos:<\/strong> Vi\u0161nja Dimitrijevi\u0107, Dina Travica and Katarina Mitrovi\u0107<\/span><br \/><span style=\"color: #4b6852;\"><strong>Tenors:<\/strong><\/span> Nikola Dori\u0107, Marko Pe\u0161i\u0107, Vladimir Juri\u0161i\u0107, i. Mihajlo Joci\u0107\u00a0<br \/><span style=\"color: #4b6852;\"><strong>Bassos: <\/strong><\/span>Milo\u0161 Ga\u0161i\u0107, Aleksandar Novakovi\u0107 and Milan Stan\u010di\u0107<br \/><span style=\"color: #4b6852;\"><strong>Conductor:<\/strong><\/span> Biserka Vasi\u0107<\/p>\t\t\t\t\t\t<\/div>\n\t\t\t\t<\/div>\n\t\t\t\t\t<\/div>\n\t\t\t\t<\/div>\n\t\t<div class=\"elementor-element elementor-element-7a7f615 elementor-hidden-desktop elementor-hidden-tablet e-flex e-con-boxed e-con e-parent\" data-id=\"7a7f615\" data-element_type=\"container\" data-settings=\"{&quot;content_width&quot;:&quot;boxed&quot;}\" data-core-v316-plus=\"true\">\n\t\t\t\t\t<div class=\"e-con-inner\">\n\t\t\t\t<div class=\"elementor-element elementor-element-54a07c3 elementor-widget elementor-widget-text-editor\" data-id=\"54a07c3\" data-element_type=\"widget\" data-widget_type=\"text-editor.default\">\n\t\t\t\t<div class=\"elementor-widget-container\">\n\t\t\t\t\t\t\t<p style=\"text-align: left;\"><span style=\"color: #4b6852;\"><strong>Sopranos:<\/strong><\/span> Jasmina Mihajlovi\u0107, Marija Anti\u0107 and Jelena Radi\u0107<br \/><span style=\"color: #4b6852;\"><strong>Altos:<\/strong> Vi\u0161nja Dimitrijevi\u0107, Dina Travica and Katarina Mitrovi\u0107<\/span><br \/><span style=\"color: #4b6852;\"><strong>Tenors:<\/strong><\/span> Nikola Dori\u0107, Marko Pe\u0161i\u0107, Vladimir Juri\u0161i\u0107, i. Mihajlo Joci\u0107\u00a0<br \/><span style=\"color: #4b6852;\"><strong>Bassos: <\/strong><\/span>Milo\u0161 Ga\u0161i\u0107, Aleksandar Novakovi\u0107 and Milan Stan\u010di\u0107<br \/><span style=\"color: #4b6852;\"><strong>Conductor:<\/strong><\/span> Biserka Vasi\u0107<\/p>\t\t\t\t\t\t<\/div>\n\t\t\t\t<\/div>\n\t\t\t\t\t<\/div>\n\t\t\t\t<\/div>\n\t\t<div class=\"elementor-element elementor-element-0dc29a5 e-flex e-con-boxed e-con e-parent\" data-id=\"0dc29a5\" data-element_type=\"container\" data-settings=\"{&quot;background_background&quot;:&quot;classic&quot;,&quot;content_width&quot;:&quot;boxed&quot;}\" data-core-v316-plus=\"true\">\n\t\t\t\t\t<div class=\"e-con-inner\">\n\t\t<div class=\"elementor-element elementor-element-57ae8e7 e-con-full e-flex e-con e-child\" data-id=\"57ae8e7\" data-element_type=\"container\" data-settings=\"{&quot;content_width&quot;:&quot;full&quot;,&quot;background_background&quot;:&quot;classic&quot;}\">\n\t\t<div class=\"elementor-element elementor-element-78c0184 e-con-full e-flex e-con e-child\" data-id=\"78c0184\" data-element_type=\"container\" data-settings=\"{&quot;content_width&quot;:&quot;full&quot;}\">\n\t\t\t\t<div class=\"elementor-element elementor-element-064ef1f elementor-widget__width-initial elementor-widget elementor-widget-heading\" data-id=\"064ef1f\" data-element_type=\"widget\" data-widget_type=\"heading.default\">\n\t\t\t\t<div class=\"elementor-widget-container\">\n\t\t\t<h2 class=\"elementor-heading-title elementor-size-default\">Vocal ensemble<br>Xenia of St.Petersburg<\/h2>\t\t<\/div>\n\t\t\t\t<\/div>\n\t\t\t\t<\/div>\n\t\t<div class=\"elementor-element elementor-element-acb6edb e-con-full e-flex e-con e-child\" data-id=\"acb6edb\" data-element_type=\"container\" data-settings=\"{&quot;content_width&quot;:&quot;full&quot;}\">\n\t\t\t\t<\/div>\n\t\t<div class=\"elementor-element elementor-element-0e45a93 e-con-full e-flex e-con e-child\" data-id=\"0e45a93\" data-element_type=\"container\" data-settings=\"{&quot;content_width&quot;:&quot;full&quot;}\">\n\t\t\t\t<\/div>\n\t\t\t\t<\/div>\n\t\t\t\t\t<\/div>\n\t\t\t\t<\/div>\n\t\t<footer class=\"elementor-element elementor-element-685aefe e-flex e-con-boxed e-con e-parent\" data-id=\"685aefe\" data-element_type=\"container\" data-settings=\"{&quot;background_background&quot;:&quot;classic&quot;,&quot;content_width&quot;:&quot;boxed&quot;}\" data-core-v316-plus=\"true\">\n\t\t\t\t\t<div class=\"e-con-inner\">\n\t\t\t\t<div class=\"elementor-element elementor-element-8889ad9 elementor-widget elementor-widget-text-editor\" data-id=\"8889ad9\" data-element_type=\"widget\" data-widget_type=\"text-editor.default\">\n\t\t\t\t<div class=\"elementor-widget-container\">\n\t\t\t\t\t\t\t<p>\u00a9 2024 Vocal ensemble Xenia of St.Petersburg<\/p>\t\t\t\t\t\t<\/div>\n\t\t\t\t<\/div>\n\t\t\t\t\t<\/div>\n\t\t\t\t<\/footer>\n\t\t\t\t\t\t\t<\/div>\n\t\t","protected":false},"excerpt":{"rendered":"<p>~ About the ensemble ~ The &#8222;Ksenija Petrogradska&#8220; (Xenia of St. Petersburg) vocal ensemble, comprised of academically educated singers, was founded in Belgrade, in 2019, with the aim of promoting Orthodox religious choral music. The first concert was held in the Church of the Ascension in Belgrade, in February 2020, and a year later the [&hellip;]<\/p>\n","protected":false},"author":2,"featured_media":0,"parent":0,"menu_order":0,"comment_status":"closed","ping_status":"closed","template":"elementor_header_footer","meta":{"site-sidebar-layout":"no-sidebar","site-content-layout":"","ast-site-content-layout":"full-width-container","site-content-style":"default","site-sidebar-style":"default","ast-global-header-display":"","ast-banner-title-visibility":"","ast-main-header-display":"","ast-hfb-above-header-display":"","ast-hfb-below-header-display":"","ast-hfb-mobile-header-display":"","site-post-title":"disabled","ast-breadcrumbs-content":"","ast-featured-img":"disabled","footer-sml-layout":"","theme-transparent-header-meta":"","adv-header-id-meta":"","stick-header-meta":"","header-above-stick-meta":"","header-main-stick-meta":"","header-below-stick-meta":"","astra-migrate-meta-layouts":"default","ast-page-background-enabled":"default","ast-page-background-meta":{"desktop":{"background-color":"var(--ast-global-color-4)","background-image":"","background-repeat":"repeat","background-position":"center center","background-size":"auto","background-attachment":"scroll","background-type":"","background-media":"","overlay-type":"","overlay-color":"","overlay-gradient":""},"tablet":{"background-color":"","background-image":"","background-repeat":"repeat","background-position":"center center","background-size":"auto","background-attachment":"scroll","background-type":"","background-media":"","overlay-type":"","overlay-color":"","overlay-gradient":""},"mobile":{"background-color":"","background-image":"","background-repeat":"repeat","background-position":"center center","background-size":"auto","background-attachment":"scroll","background-type":"","background-media":"","overlay-type":"","overlay-color":"","overlay-gradient":""}},"ast-content-background-meta":{"desktop":{"background-color":"var(--ast-global-color-5)","background-image":"","background-repeat":"repeat","background-position":"center center","background-size":"auto","background-attachment":"scroll","background-type":"","background-media":"","overlay-type":"","overlay-color":"","overlay-gradient":""},"tablet":{"background-color":"var(--ast-global-color-5)","background-image":"","background-repeat":"repeat","background-position":"center center","background-size":"auto","background-attachment":"scroll","background-type":"","background-media":"","overlay-type":"","overlay-color":"","overlay-gradient":""},"mobile":{"background-color":"var(--ast-global-color-5)","background-image":"","background-repeat":"repeat","background-position":"center center","background-size":"auto","background-attachment":"scroll","background-type":"","background-media":"","overlay-type":"","overlay-color":"","overlay-gradient":""}},"footnotes":""},"class_list":["post-1234","page","type-page","status-publish","hentry"],"yoast_head":"<!-- This site is optimized with the Yoast SEO plugin v22.7 - https:\/\/yoast.com\/wordpress\/plugins\/seo\/ -->\n<title>About the ensemble -<\/title>\n<meta name=\"robots\" content=\"index, follow, max-snippet:-1, max-image-preview:large, max-video-preview:-1\" \/>\n<link rel=\"canonical\" href=\"https:\/\/ansamblksenijapetrogradska.rs\/index.php\/about-the-ensemble\/\" \/>\n<meta property=\"og:locale\" content=\"sr_RS\" \/>\n<meta property=\"og:type\" content=\"article\" \/>\n<meta property=\"og:title\" content=\"About the ensemble -\" \/>\n<meta property=\"og:description\" content=\"~ About the ensemble ~ The &#8222;Ksenija Petrogradska&#8220; (Xenia of St. Petersburg) vocal ensemble, comprised of academically educated singers, was founded in Belgrade, in 2019, with the aim of promoting Orthodox religious choral music. The first concert was held in the Church of the Ascension in Belgrade, in February 2020, and a year later the [&hellip;]\" \/>\n<meta property=\"og:url\" content=\"https:\/\/ansamblksenijapetrogradska.rs\/index.php\/about-the-ensemble\/\" \/>\n<meta property=\"article:modified_time\" content=\"2024-12-15T19:11:21+00:00\" \/>\n<meta property=\"og:image\" content=\"https:\/\/ansamblksenijapetrogradska.rs\/wp-content\/uploads\/2024\/02\/DSC09591-1024x683.jpg\" \/>\n<meta name=\"twitter:card\" content=\"summary_large_image\" \/>\n<meta name=\"twitter:label1\" content=\"\u041f\u0440\u043e\u0446\u0435\u045a\u0435\u043d\u043e \u0432\u0440\u0435\u043c\u0435 \u0447\u0438\u0442\u0430\u045a\u0430\" \/>\n\t<meta name=\"twitter:data1\" content=\"2 \u043c\u0438\u043d\u0443\u0442\u0430\" \/>\n<script type=\"application\/ld+json\" class=\"yoast-schema-graph\">{\"@context\":\"https:\/\/schema.org\",\"@graph\":[{\"@type\":\"WebPage\",\"@id\":\"https:\/\/ansamblksenijapetrogradska.rs\/index.php\/about-the-ensemble\/\",\"url\":\"https:\/\/ansamblksenijapetrogradska.rs\/index.php\/about-the-ensemble\/\",\"name\":\"About the ensemble -\",\"isPartOf\":{\"@id\":\"https:\/\/ansamblksenijapetrogradska.rs\/#website\"},\"primaryImageOfPage\":{\"@id\":\"https:\/\/ansamblksenijapetrogradska.rs\/index.php\/about-the-ensemble\/#primaryimage\"},\"image\":{\"@id\":\"https:\/\/ansamblksenijapetrogradska.rs\/index.php\/about-the-ensemble\/#primaryimage\"},\"thumbnailUrl\":\"https:\/\/ansamblksenijapetrogradska.rs\/wp-content\/uploads\/2024\/02\/DSC09591-1024x683.jpg\",\"datePublished\":\"2024-03-05T00:58:24+00:00\",\"dateModified\":\"2024-12-15T19:11:21+00:00\",\"breadcrumb\":{\"@id\":\"https:\/\/ansamblksenijapetrogradska.rs\/index.php\/about-the-ensemble\/#breadcrumb\"},\"inLanguage\":\"sr-RS\",\"potentialAction\":[{\"@type\":\"ReadAction\",\"target\":[\"https:\/\/ansamblksenijapetrogradska.rs\/index.php\/about-the-ensemble\/\"]}]},{\"@type\":\"ImageObject\",\"inLanguage\":\"sr-RS\",\"@id\":\"https:\/\/ansamblksenijapetrogradska.rs\/index.php\/about-the-ensemble\/#primaryimage\",\"url\":\"https:\/\/ansamblksenijapetrogradska.rs\/wp-content\/uploads\/2024\/02\/DSC09591-scaled.jpg\",\"contentUrl\":\"https:\/\/ansamblksenijapetrogradska.rs\/wp-content\/uploads\/2024\/02\/DSC09591-scaled.jpg\",\"width\":2560,\"height\":1707},{\"@type\":\"BreadcrumbList\",\"@id\":\"https:\/\/ansamblksenijapetrogradska.rs\/index.php\/about-the-ensemble\/#breadcrumb\",\"itemListElement\":[{\"@type\":\"ListItem\",\"position\":1,\"name\":\"\u041f\u043e\u0447\u0435\u0442\u043d\u0430\",\"item\":\"https:\/\/ansamblksenijapetrogradska.rs\/\"},{\"@type\":\"ListItem\",\"position\":2,\"name\":\"About the ensemble\"}]},{\"@type\":\"WebSite\",\"@id\":\"https:\/\/ansamblksenijapetrogradska.rs\/#website\",\"url\":\"https:\/\/ansamblksenijapetrogradska.rs\/\",\"name\":\"Ansambl Ksenija Petrogradska\",\"description\":\"\",\"publisher\":{\"@id\":\"https:\/\/ansamblksenijapetrogradska.rs\/#organization\"},\"potentialAction\":[{\"@type\":\"SearchAction\",\"target\":{\"@type\":\"EntryPoint\",\"urlTemplate\":\"https:\/\/ansamblksenijapetrogradska.rs\/?s={search_term_string}\"},\"query-input\":\"required name=search_term_string\"}],\"inLanguage\":\"sr-RS\"},{\"@type\":\"Organization\",\"@id\":\"https:\/\/ansamblksenijapetrogradska.rs\/#organization\",\"name\":\"Ansambl Ksenija Petrogradska\",\"url\":\"https:\/\/ansamblksenijapetrogradska.rs\/\",\"logo\":{\"@type\":\"ImageObject\",\"inLanguage\":\"sr-RS\",\"@id\":\"https:\/\/ansamblksenijapetrogradska.rs\/#\/schema\/logo\/image\/\",\"url\":\"https:\/\/ansamblksenijapetrogradska.rs\/wp-content\/uploads\/2024\/02\/omot-1.jpg\",\"contentUrl\":\"https:\/\/ansamblksenijapetrogradska.rs\/wp-content\/uploads\/2024\/02\/omot-1.jpg\",\"width\":1000,\"height\":1000,\"caption\":\"Ansambl Ksenija Petrogradska\"},\"image\":{\"@id\":\"https:\/\/ansamblksenijapetrogradska.rs\/#\/schema\/logo\/image\/\"},\"sameAs\":[\"https:\/\/www.instagram.com\/ansamblksenijapetrogradska\/\"]}]}<\/script>\n<!-- \/ Yoast SEO plugin. -->","yoast_head_json":{"title":"About the ensemble -","robots":{"index":"index","follow":"follow","max-snippet":"max-snippet:-1","max-image-preview":"max-image-preview:large","max-video-preview":"max-video-preview:-1"},"canonical":"https:\/\/ansamblksenijapetrogradska.rs\/index.php\/about-the-ensemble\/","og_locale":"sr_RS","og_type":"article","og_title":"About the ensemble -","og_description":"~ About the ensemble ~ The &#8222;Ksenija Petrogradska&#8220; (Xenia of St. Petersburg) vocal ensemble, comprised of academically educated singers, was founded in Belgrade, in 2019, with the aim of promoting Orthodox religious choral music. The first concert was held in the Church of the Ascension in Belgrade, in February 2020, and a year later the [&hellip;]","og_url":"https:\/\/ansamblksenijapetrogradska.rs\/index.php\/about-the-ensemble\/","article_modified_time":"2024-12-15T19:11:21+00:00","og_image":[{"url":"https:\/\/ansamblksenijapetrogradska.rs\/wp-content\/uploads\/2024\/02\/DSC09591-1024x683.jpg"}],"twitter_card":"summary_large_image","twitter_misc":{"\u041f\u0440\u043e\u0446\u0435\u045a\u0435\u043d\u043e \u0432\u0440\u0435\u043c\u0435 \u0447\u0438\u0442\u0430\u045a\u0430":"2 \u043c\u0438\u043d\u0443\u0442\u0430"},"schema":{"@context":"https:\/\/schema.org","@graph":[{"@type":"WebPage","@id":"https:\/\/ansamblksenijapetrogradska.rs\/index.php\/about-the-ensemble\/","url":"https:\/\/ansamblksenijapetrogradska.rs\/index.php\/about-the-ensemble\/","name":"About the ensemble -","isPartOf":{"@id":"https:\/\/ansamblksenijapetrogradska.rs\/#website"},"primaryImageOfPage":{"@id":"https:\/\/ansamblksenijapetrogradska.rs\/index.php\/about-the-ensemble\/#primaryimage"},"image":{"@id":"https:\/\/ansamblksenijapetrogradska.rs\/index.php\/about-the-ensemble\/#primaryimage"},"thumbnailUrl":"https:\/\/ansamblksenijapetrogradska.rs\/wp-content\/uploads\/2024\/02\/DSC09591-1024x683.jpg","datePublished":"2024-03-05T00:58:24+00:00","dateModified":"2024-12-15T19:11:21+00:00","breadcrumb":{"@id":"https:\/\/ansamblksenijapetrogradska.rs\/index.php\/about-the-ensemble\/#breadcrumb"},"inLanguage":"sr-RS","potentialAction":[{"@type":"ReadAction","target":["https:\/\/ansamblksenijapetrogradska.rs\/index.php\/about-the-ensemble\/"]}]},{"@type":"ImageObject","inLanguage":"sr-RS","@id":"https:\/\/ansamblksenijapetrogradska.rs\/index.php\/about-the-ensemble\/#primaryimage","url":"https:\/\/ansamblksenijapetrogradska.rs\/wp-content\/uploads\/2024\/02\/DSC09591-scaled.jpg","contentUrl":"https:\/\/ansamblksenijapetrogradska.rs\/wp-content\/uploads\/2024\/02\/DSC09591-scaled.jpg","width":2560,"height":1707},{"@type":"BreadcrumbList","@id":"https:\/\/ansamblksenijapetrogradska.rs\/index.php\/about-the-ensemble\/#breadcrumb","itemListElement":[{"@type":"ListItem","position":1,"name":"\u041f\u043e\u0447\u0435\u0442\u043d\u0430","item":"https:\/\/ansamblksenijapetrogradska.rs\/"},{"@type":"ListItem","position":2,"name":"About the ensemble"}]},{"@type":"WebSite","@id":"https:\/\/ansamblksenijapetrogradska.rs\/#website","url":"https:\/\/ansamblksenijapetrogradska.rs\/","name":"Ansambl Ksenija Petrogradska","description":"","publisher":{"@id":"https:\/\/ansamblksenijapetrogradska.rs\/#organization"},"potentialAction":[{"@type":"SearchAction","target":{"@type":"EntryPoint","urlTemplate":"https:\/\/ansamblksenijapetrogradska.rs\/?s={search_term_string}"},"query-input":"required name=search_term_string"}],"inLanguage":"sr-RS"},{"@type":"Organization","@id":"https:\/\/ansamblksenijapetrogradska.rs\/#organization","name":"Ansambl Ksenija Petrogradska","url":"https:\/\/ansamblksenijapetrogradska.rs\/","logo":{"@type":"ImageObject","inLanguage":"sr-RS","@id":"https:\/\/ansamblksenijapetrogradska.rs\/#\/schema\/logo\/image\/","url":"https:\/\/ansamblksenijapetrogradska.rs\/wp-content\/uploads\/2024\/02\/omot-1.jpg","contentUrl":"https:\/\/ansamblksenijapetrogradska.rs\/wp-content\/uploads\/2024\/02\/omot-1.jpg","width":1000,"height":1000,"caption":"Ansambl Ksenija Petrogradska"},"image":{"@id":"https:\/\/ansamblksenijapetrogradska.rs\/#\/schema\/logo\/image\/"},"sameAs":["https:\/\/www.instagram.com\/ansamblksenijapetrogradska\/"]}]}},"_links":{"self":[{"href":"https:\/\/ansamblksenijapetrogradska.rs\/index.php\/wp-json\/wp\/v2\/pages\/1234","targetHints":{"allow":["GET"]}}],"collection":[{"href":"https:\/\/ansamblksenijapetrogradska.rs\/index.php\/wp-json\/wp\/v2\/pages"}],"about":[{"href":"https:\/\/ansamblksenijapetrogradska.rs\/index.php\/wp-json\/wp\/v2\/types\/page"}],"author":[{"embeddable":true,"href":"https:\/\/ansamblksenijapetrogradska.rs\/index.php\/wp-json\/wp\/v2\/users\/2"}],"replies":[{"embeddable":true,"href":"https:\/\/ansamblksenijapetrogradska.rs\/index.php\/wp-json\/wp\/v2\/comments?post=1234"}],"version-history":[{"count":17,"href":"https:\/\/ansamblksenijapetrogradska.rs\/index.php\/wp-json\/wp\/v2\/pages\/1234\/revisions"}],"predecessor-version":[{"id":1546,"href":"https:\/\/ansamblksenijapetrogradska.rs\/index.php\/wp-json\/wp\/v2\/pages\/1234\/revisions\/1546"}],"wp:attachment":[{"href":"https:\/\/ansamblksenijapetrogradska.rs\/index.php\/wp-json\/wp\/v2\/media?parent=1234"}],"curies":[{"name":"wp","href":"https:\/\/api.w.org\/{rel}","templated":true}]}}